5*u**2 - 4*u - 2. Determine x(2).
-14
Let f(o) = -o**2 - 10*o - 2. Determine f(-9).
7
Let d(g) = 7*g + 11. Calculate d(-2).
-3
Let d(u) = -u**2 + 11*u - 2. What is d(7)?
26
Let z(q) = -q**2 + q + 8. What is z(4)?
-4
Let t(d) = d**2 + 6*d + 1. Determine t(-9).
28
Let s(o) = o**3 - 5*o**2 + 7*o + 18. Give s(5).
53
Let o(p) = -2*p**2 + 6*p + 14. What is o(6)?
-22
Let w(f) = -4*f - 6. Give w(6).
-30
Let w(q) = 14*q + 295. What is w(-21)?
1
Let v(r) = -13*r**3 - r**2 + 7*r + 7. Give v(-1).
12
Let u(j) = -j - 21. Calculate u(-9).
-12
Let i(f) = -2*f**2 - 9*f + 18. What is i(-13)?
-203
Let v(g) = 8*g**2 - 9*g + 5. Calculate v(2).
19
Let x(n) = -96*n**3 + n**2 + 2*n + 1. Determine x(-1).
96
Let f(v) = v**2 + v - 46. Give f(-9).
26
Let z(u) = -58*u + 13. Calculate z(-1).
71
Let w(t) = 9*t**2 - 2*t - 2. What is w(-1)?
9
Let c(q) = q**2 + 2*q. Calculate c(-2).
0
Let y(f) = 4*f + 27. Calculate y(-6).
3
Let f(g) = g**2 + g - 12. Determine f(-4).
0
Let y(i) = -5*i + 11. Give y(-8).
51
Let b(l) = l**2 + 13*l + 16. Calculate b(-13).
16
Let z(d) = d + 8. Calculate z(-6).
2
Let y(p) = p**2 + p - 2. What is y(2)?
4
Let g(f) = -3*f + 20. Calculate g(5).
5
Let y(l) = -l**2 + 14*l - 21. Calculate y(9).
24
Let c(b) = 2*b**3 + 23*b**2 + 30*b + 1. Calculate c(-10).
1
Let l(r) = -7*r**2 - 187*r + 53. Determine l(-27).
-1
Let s(l) = 3*l**2 + 13*l + 1. What is s(-5)?
11
Let w(g) = 8*g**3 + 2*g**2 - 9*g + 7. Determine w(1).
8
Let v(l) = -l**2 + 19*l + 55. Calculate v(-3).
-11
Let s(u) = -u**3 - 3*u**2 + 6*u + 6. Calculate s(-5).
26
Let s(p) = 4*p + 40. Determine s(-17).
-28
Let p(b) = -b**3 + 34*b**2 - 65*b + 44. What is p(32)?
12
Let z(l) = 6*l - 6. Calculate z(-5).
-36
Let w(l) = -3*l + 5. Determine w(9).
-22
Let t(m) = -13*m**2 + 2*m + 4. Determine t(-1).
-11
Let z(m) = m**2 - 12*m + 30. What is z(8)?
-2
Let g(u) = u**3 + 6*u**2 - 5*u - 17. What is g(-5)?
33
Let j(c) = -c**3 - 10*c**2 - 22*c - 13. Give j(-7).
-6
Let s(r) = -2*r**2 + 23*r - 45. Determine s(8).
11
Let k(g) = -2*g**2 + 5. What is k(-4)?
-27
Let u(g) = -9*g + 21. Give u(6).
-33
Let z(i) = 2*i**2 - 13*i - 15. What is z(9)?
30
Let f(l) = l**2 - 8*l + 6. Give f(7).
-1
Let m(l) = -4*l - 20. Calculate m(-6).
4
Let f(d) = -2*d**3 - 3*d**2 + d. Determine f(2).
-26
Let q(x) = -x**2 + 12*x - 11. What is q(8)?
21
Let b(v) = -2*v**3 - 29*v**2 - 14*v + 1. Determine b(-14).
1
Let w(z) = -4*z. What is w(2)?
-8
Let d(m) = 2*m**3 + 3*m**2 + 5*m + 14. Determine d(-2).
0
Let p(x) = x - 14. What is p(12)?
-2
Let f(c) = 4*c - 33. Determine f(9).
3
Let c(v) = 5*v**2 - v. What is c(1)?
4
Let d(w) = -w**2 - 14*w - 46. Determine d(-9).
-1
Let q(c) = -4*c**2 - 8*c - 13. Calculate q(-5).
-73
Let u(q) = q**3 + 6*q**2 + 4*q + 11. What is u(-5)?
16
Let b(p) = -7*p**3 - 2*p**2 + 1. Determine b(1).
-8
Let k(q) = -q**2 + 27. Determine k(-5).
2
Let q(t) = -t**2 - 2*t + 2. Give q(1).
-1
Let u(z) = -z**2 + z + 163. Determine u(14).
-19
Let t(q) = q**3 - 24*q**2 + 24*q - 13. Determine t(23).
10
Let m(r) = -r**3 - 6*r**2 + r + 1. Calculate m(-4).
-35
Let n(v) = 31*v + 17. Calculate n(1).
48
Let f(r) = r**2 + 12*r - 14. Determine f(-11).
-25
Let m(x) = -x**2 - 11*x - 8. Determine m(-8).
16
Let j(g) = 28*g - 124. Give j(7).
72
Let d(b) = -b**3 - 13*b**2 + 16*b + 16. Determine d(-14).
-12
Let y(t) = t**2 - 10*t - 25. What is y(12)?
-1
Let p(x) = x**3 + 8*x**2 - 11. Calculate p(-8).
-11
Let z(v) = 2*v**3 + 18*v**2 - 18*v + 12. Calculate z(-10).
-8
Let k(l) = l + 2. What is k(-14)?
-12
Let p(s) = 5*s + 162. Determine p(-26).
32
Let h(a) = -a**3 - 3*a**2 - 3*a - 65. What is h(-7)?
152
Let s(l) = 2*l**2 - 6*l + 25. Determine s(5).
45
Let v(x) = -x**3 - 5*x**2 + 16*x - 8. Determine v(-8).
56
Let o(k) = 32*k**2 + k. What is o(-2)?
126
Let q(z) = -z + 22. Determine q(-7).
29
Let a(g) = 5*g**2. Determine a(-2).
20
Let u(x) = -x**3 + 12*x**2 + x - 9. What is u(12)?
3
Let p(d) = 8*d + 6. What is p(-2)?
-10
Let p(k) = -3*k - 38. Calculate p(-11).
-5
Let b(u) = 6*u - 141. Give b(26).
15
Let r(a) = -a**3 - 12*a**2 - 19*a - 4. Give r(-8).
-108
Let m(n) = -n + 1. What is m(-5)?
6
Let c(s) = -3*s + 2. Determine c(4).
-10
Let l(q) = -2*q**3 - 3*q**2 + 11*q + 13. Calculate l(-3).
7
Let y(g) = g**2 + 4*g - 2. Give y(-6).
10
Let d(y) = 3*y + 30. Determine d(-9).
3
Let q(o) = o**3 + 3*o**2 + 2*o + 3. Determine q(-2).
3
Let b(d) = d**3 + 3*d**2 - 11*d - 20. Determine b(-5).
-15
Let l(w) = w**3 - 7*w**2 + 9*w + 7. Give l(5).
2
Let m(x) = -9*x + 16. Give m(3).
-11
Let o(c) = 23*c - 2. Calculate o(-1).
-25
Let b(z) = 5*z + 203. Give b(-40).
3
Let l(w) = -14*w + 7. Determine l(4).
-49
Let h(f) = -f**2 - 8*f - 3. Determine h(-12).
-51
Let h(v) = v - 17. What is h(8)?
-9
Let d(g) = -g**3 + 52*g**2 - 108*g + 398. Determine d(50).
-2
Let g(l) = -l**2 + 16*l + 33. Calculate g(18).
-3
Let a(c) = 2*c**2 - 19*c + 54. Give a(6).
12
Let h(s) = 2*s - 50. Determine h(-11).
-72
Let n(t) = -t - 14. What is n(-22)?
8
Let a(i) = -8*i - 30. What is a(0)?
-30
Let p(q) = q**2 - 15*q - 20. Give p(16).
-4
Let o(c) = -5*c**2 - 33*c + 10. What is o(-7)?
-4
Let y(f) = -9*f - 42. Determine y(8).
-114
Let t(g) = 2*g**3 - 7*g**2 + 3*g + 5. Calculate t(5).
95
Let p(v) = -15*v + 1. Determine p(1).
-14
Let m(r) = -48*r + 2. What is m(1)?
-46
Let i(n) = -n**3 - 11*n**2 - 9*n - 1. Give i(-10).
-11
Let r(l) = -4*l**2 + 2*l - 1. Calculate r(-2).
-21
Let n(c) = -84*c + 10. Calculate n(2).
-158
Let i(w) = w**3 + 9*w**2 + 12*w + 17. What is i(-6)?
53
Let s(g) = g**3 + 2*g**2. Determine s(-2).
0
Let t(x) = 10*x**2 - 6*x + 30. Calculate t(5).
250
Let p(x) = 57*x**3 - 1. Give p(1).
56
Let v(t) = t**3 - 29*t**2 - 30*t + 9. Calculate v(30).
9
Let d(y) = y - 12. Give d(-3).
-15
Let u(n) = -4*n**3 + 4*n**2 - 2*n + 7. Determine u(3).
-71
Let z(o) = o**2 - 24*o - 36. Calculate z(22).
-80
Let p(b) = 5*b**2 - b - 4. Calculate p(-3).
44
Let u(v) = 4*v - 37. Calculate u(10).
3
Let b(z) = z**3 - 19*z**2 + 10*z - 2. Give b(18).
-146
Let n(t) = -33*t - 49. Give n(-6).
149
Let b(s) = 11*s - 346. Determine b(32).
6
Let z(s) = 2*s - 10. Determine z(7).
4
Let m(j) = -10*j**2 + 43*j + 42. Calculate m(5).
7
Let k(y) = y**2 - 4*y + 6. Determine k(10).
66
Let z(s) = s**2 - 18*s - 6. Give z(22).
82
Let j(c) = 2*c**2 - 5*c - 9. What is j(4)?
3
Let u(a) = -2*a**2 - 120*a + 650. What is u(-65)?
0
Let h(d) = 2*d**2 - 5*d - 4. Calculate h(3).
-1
Let i(m) = -12*m**2 + 2*m + 2. Calculate i(-2).
-50
Let d(f) = -2*f**2 + f - 7. Give d(-3).
-28
Let g(f) = f**2 + 10*f - 5. What is g(-11)?
6
Let o(z) = 20*z - 280. Calculate o(14).
0
Let f(k) = -2*k**2 - 39*k - 104. Give f(-16).
8
Let s(d) = d**3 + 5*d**2 - 33*d + 14. Calculate s(-9).
-13
Let p(r) = r**3 + 14*r**2 - 16*r - 27. Determine p(-15).
-12
Let m(t) = -19*t - 58. Give m(-4).
18
Let s(i) = -3*i - 25. Give s(-9).
2
Let b(a) = -2*a - 5. What is b(4)?
-13
Let q(j) = -7*j**3 + 2*j**2 + 10*j + 1. Give q(-2).
45
Let i(j) = j**3 - j - 2. Determine i(-2).
-8
Let o(r) = -r**2 - 2. Give o(-1).
-3
Let k(n) = -n**2 - 7*n + 5. Give k(-7).
5
Let k(y) = y**2 - 3*y - 28. Calculate k(12).
80
Let b(s) = 3*s**2 + 36*s + 18. Determine b(-12).
18
Let u(d) = d**2 + 18*d - 37. What is u(-18)?
-37
Let y(l) = l**3 - 9*l**2 + 8*l + 9. Calculate y(8).
9
Let p(h) = h**2 + 12*h. What is p(-13)?
13
Let v(b) = -4*b**3 + b**2. Give v(2).
-28
Let b(m) = 13*m + 45. What is b(-4)?
-7
Let m(l) = 17*l + 143. What is m(-9)?
-10
Let c(n) = -n**3 - 9*n**2 - 8*n + 5. Give c(-8).
5
Let s(x) = 2*x**2 + 4*x. What is s(4)?
48
Let s(l) = l**3 - 3*l**2 - 16*l - 1. Calculate s(-3).
-7
Let y(v) = v + 10. Calculate y(-20).
-10
Let y(v) = -2*v**2 - 18*v - 7. Determine y(-7).
21
Let q(b) = b**3 + 5*b**2 - 6*b - 6. Calculate q(-6).
-6
Let b(i) = 18*i**2 + 14*i + 29. Give b(-2).
73
Let x(l) = l**2 - 2*l + 16. Determine x(0).
16
Let n(i) = i**2 + 10*i - 5. What is n(-7)?
-26
Let l(n) = -n**3 - 3*n**2 + 5. Give l(0).
5
Let v(n) = -2*n**2 - 11*n. What is v(6)?
-138
Let z(d) = d**3 + 9*d**2 - 5*d + 14. Give z(-10).
-36
Let h(s) = -s**2 + 9*s - 60. Calculate h(10).
-70
Let g(c) = -c**2 - 7*c + 3. Calculate g(-6).
9
Let t(i) = -22*i**2 + 38*i - 1. Calculate t(2).
-13
Let u(a) = 7*a - 2. Give u(3).
19
Let y(h) = h**3 + 19*h**2 - 19*h + 24. What is y(-20)?
4
Let c(f) = -f + 29. Give c(6).
23
Let w(o) = -o**3 - 34*o**2 - 119*o + 27. Give w(-30)